{"id":10300,"date":"2023-02-09T16:04:27","date_gmt":"2023-02-09T15:04:27","guid":{"rendered":"https:\/\/www.dream-digital.info\/civ\/?post_type=product&#038;p=10300"},"modified":"2023-02-09T16:05:20","modified_gmt":"2023-02-09T15:05:20","slug":"x210-high-end-enterprise-ip-phone","status":"publish","type":"product","link":"https:\/\/www.dream-digital.info\/civ\/produit\/x210-high-end-enterprise-ip-phone\/","title":{"rendered":"X210 High-end Enterprise IP Phone"},"content":{"rendered":"<p>&#8211; 20 lignes SIP<\/p>\n<p>&#8211; Audio HD<\/p>\n<p>&#8211; Affichage 3 couleurs<\/p>\n<p>&#8211; Bluetooth int\u00e9gr\u00e9<\/p>\n<p>&#8211; 106 cl\u00e9s DSS<\/p>\n<p>&#8211; Connectivit\u00e9 Wi-Fi<\/p>\n<p><\/p>\n","protected":false},"excerpt":{"rendered":"<p>Le X210 est un t\u00e9l\u00e9phone IP d&#8217;entreprise haut de gamme destin\u00e9 aux utilisateurs qui ont besoin d&#8217;acc\u00e9der \u00e0 des fonctionnalit\u00e9s flexibles et avanc\u00e9es pour g\u00e9rer des volumes d&#8217;appels moyens \u00e0 \u00e9lev\u00e9s dans leur travail quotidien. Dot\u00e9 de 10 touches DSS sur un \u00e9cran couleur principal de 4,3&#8243;, jusqu&#8217;\u00e0 96 touches DSS (32 physiques) sur 2 \u00e9crans couleur lat\u00e9raux de 3,5&#8243;, le X210 dispose d&#8217;un total de 106 touches DSS \u00e0 r\u00e9gler pour BLF, num\u00e9rotation rapide, fonction de diffusion de groupe, etc. Il est \u00e9galement livr\u00e9 avec audio HD, Bluetooth int\u00e9gr\u00e9, connectivit\u00e9 Wi-Fi, prise en charge EHS, double Gigabit, PoE, int\u00e9gration cam\u00e9ra IP\/interphone SIP, offrant une grande productivit\u00e9 avec ces fonctionnalit\u00e9s avanc\u00e9es.<\/p>\n","protected":false},"featured_media":10346,"comment_status":"open","ping_status":"closed","template":"","meta":[],"product_brand":[],"product_cat":[47],"product_tag":[],"class_list":{"0":"post-10300","1":"product","2":"type-product","3":"status-publish","4":"has-post-thumbnail","6":"product_cat-fanvil","8":"first","9":"instock","10":"shipping-taxable","11":"purchasable","12":"product-type-simple"},"_links":{"self":[{"href":"https:\/\/www.dream-digital.info\/civ\/wp-json\/wp\/v2\/product\/10300","targetHints":{"allow":["GET"]}}],"collection":[{"href":"https:\/\/www.dream-digital.info\/civ\/wp-json\/wp\/v2\/product"}],"about":[{"href":"https:\/\/www.dream-digital.info\/civ\/wp-json\/wp\/v2\/types\/product"}],"replies":[{"embeddable":true,"href":"https:\/\/www.dream-digital.info\/civ\/wp-json\/wp\/v2\/comments?post=10300"}],"wp:featuredmedia":[{"embeddable":true,"href":"https:\/\/www.dream-digital.info\/civ\/wp-json\/wp\/v2\/media\/10346"}],"wp:attachment":[{"href":"https:\/\/www.dream-digital.info\/civ\/wp-json\/wp\/v2\/media?parent=10300"}],"wp:term":[{"taxonomy":"product_brand","embeddable":true,"href":"https:\/\/www.dream-digital.info\/civ\/wp-json\/wp\/v2\/product_brand?post=10300"},{"taxonomy":"product_cat","embeddable":true,"href":"https:\/\/www.dream-digital.info\/civ\/wp-json\/wp\/v2\/product_cat?post=10300"},{"taxonomy":"product_tag","embeddable":true,"href":"https:\/\/www.dream-digital.info\/civ\/wp-json\/wp\/v2\/product_tag?post=10300"}],"curies":[{"name":"wp","href":"https:\/\/api.w.org\/{rel}","templated":true}]}}