{"id":10298,"date":"2023-02-09T16:04:27","date_gmt":"2023-02-09T15:04:27","guid":{"rendered":"https:\/\/www.dream-digital.info\/civ\/?post_type=product&#038;p=10298"},"modified":"2023-02-09T16:05:08","modified_gmt":"2023-02-09T15:05:08","slug":"h2u-compact-ip-phone","status":"publish","type":"product","link":"https:\/\/www.dream-digital.info\/civ\/produit\/h2u-compact-ip-phone\/","title":{"rendered":"H2U Compact IP Phone"},"content":{"rendered":"<p>&#8211; 2 lignes SIP<\/p>\n<p>&#8211; Audio HD avec codec large bande : G.722, Opus<\/p>\n<p>&#8211; 10 touches de num\u00e9rotation abr\u00e9g\u00e9e, 1 touche DSS programmable<\/p>\n<p>&#8211; Conf\u00e9rence \u00e0 3<\/p>\n<p>&#8211; Mode bureau\/mural<\/p>\n<p>&#8211; Mode combin\u00e9\/mains libres<\/p>\n<p>&#8211; 10\/100 Mbit\/s<\/p>\n<p>&#8211; Adaptateur PoE\/Alimentation<\/p>\n","protected":false},"excerpt":{"rendered":"<p>Petit et \u00e9l\u00e9gant, le t\u00e9l\u00e9phone IP compact Fanvil H2U poss\u00e8de de toutes nouvelles fonctionnalit\u00e9s, notamment 2 lignes SIP, 10 touches de num\u00e9rotation abr\u00e9g\u00e9e, 1 touche DSS programmable et un haut-parleur HD sur le combin\u00e9. Prenant en charge le mode bureau et mural, le mode PoE et le mode de charge de l&#8217;alimentation, le Fanvil H2U est plus qu&#8217;un t\u00e9l\u00e9phone d&#8217;h\u00f4tel et peut \u00e9galement \u00eatre appliqu\u00e9 dans plusieurs sc\u00e9narios, tels que l&#8217;\u00e9cole, l&#8217;h\u00f4pital, le supermarch\u00e9 et la r\u00e9sidence.<\/p>\n","protected":false},"featured_media":10337,"comment_status":"open","ping_status":"closed","template":"","meta":[],"product_brand":[],"product_cat":[47],"product_tag":[],"class_list":{"0":"post-10298","1":"product","2":"type-product","3":"status-publish","4":"has-post-thumbnail","6":"product_cat-fanvil","8":"first","9":"instock","10":"shipping-taxable","11":"purchasable","12":"product-type-simple"},"_links":{"self":[{"href":"https:\/\/www.dream-digital.info\/civ\/wp-json\/wp\/v2\/product\/10298","targetHints":{"allow":["GET"]}}],"collection":[{"href":"https:\/\/www.dream-digital.info\/civ\/wp-json\/wp\/v2\/product"}],"about":[{"href":"https:\/\/www.dream-digital.info\/civ\/wp-json\/wp\/v2\/types\/product"}],"replies":[{"embeddable":true,"href":"https:\/\/www.dream-digital.info\/civ\/wp-json\/wp\/v2\/comments?post=10298"}],"wp:featuredmedia":[{"embeddable":true,"href":"https:\/\/www.dream-digital.info\/civ\/wp-json\/wp\/v2\/media\/10337"}],"wp:attachment":[{"href":"https:\/\/www.dream-digital.info\/civ\/wp-json\/wp\/v2\/media?parent=10298"}],"wp:term":[{"taxonomy":"product_brand","embeddable":true,"href":"https:\/\/www.dream-digital.info\/civ\/wp-json\/wp\/v2\/product_brand?post=10298"},{"taxonomy":"product_cat","embeddable":true,"href":"https:\/\/www.dream-digital.info\/civ\/wp-json\/wp\/v2\/product_cat?post=10298"},{"taxonomy":"product_tag","embeddable":true,"href":"https:\/\/www.dream-digital.info\/civ\/wp-json\/wp\/v2\/product_tag?post=10298"}],"curies":[{"name":"wp","href":"https:\/\/api.w.org\/{rel}","templated":true}]}}